 is the tens digit of g?
1
Let a(m) = -m**2 - 11*m + 1. Let n be a(-11). What is the units digit of (3/(-2))/(n/(-6))?
9
Let l be (-4 - -22)*(-9)/6. Let d = -18 - l. What is the units digit of d?
9
Suppose -3*n - q - 80 = -9, 4*q - 76 = 3*n. Let x(h) = -34*h**2 - 2*h + 1. Let s be x(1). Let r = n - s. What is the units digit of r?
1
Suppose 4*b + 2*n = -n + 137, 171 = 5*b + 4*n. What is the units digit of b?
5
Suppose 2*u = -5*u + 1071. What is the tens digit of u?
5
Suppose 13 = -3*c + 5*p, -3*c - 4*p + 6*p + 2 = 0. What is the units digit of 2/c - (-9)/6?
2
Let o(s) = s**2 - 2*s. Let k be o(2). Let y be 3 - (0 - -4) - -12. Suppose k*b = b - y. What is the units digit of b?
1
Let t(z) = z - 4. Let v be t(7). Suppose -n - 64 = -v*n. What is the units digit of n?
2
Let i(g) = -13*g - 4. What is the tens digit of i(-18)?
3
Let q(u) = u**3 - 4*u**2 + 2*u + 2. Let b be q(3). What is the units digit of (b + -16)/(5/(-5))?
7
Suppose -2*z = 110 - 310. What is the units digit of z?
0
Let i be (0/(-2))/(-2)*-1. Let p(x) = 8 + x + 1 - 1. What is the units digit of p(i)?
8
Let p(v) = -v**2 - 25*v - 10. What is the units digit of p(-19)?
4
Let y = 64 + -2. What is the tens digit of y?
6
Let j be (-10)/55 - (-48)/22. Suppose j*u - 18 = -2*a, -6*u = -u + 4*a - 49. What is the units digit of u?
3
Let b be -2*34/12*-3. Let m = b + -10. What is the units digit of m?
7
What is the tens digit of 6 + -5 + 148 + (-1 - 3)?
4
Let u(w) = -6*w. Let n be u(-1). Let r(z) = 4 - 2*z - n*z + 4*z**2 + z**3 + 3*z. What is the units digit of r(-5)?
4
Let p be (-2)/(-7) + (-26)/(-7). Let x be ((-4)/(-3))/(p/18). Let n(k) = -k**2 + 7*k - 4. What is the units digit of n(x)?
2
Let w(j) = -19*j + 34. What is the tens digit of w(-8)?
8
Suppose 3*q + 7 = 4*q. Suppose 3*r - q - 2 = 0. What is the units digit of r?
3
Suppose -18 = -n + 3. What is the tens digit of n?
2
Suppose -5*n - c - 94 = 0, 3*n + 0*n + 54 = -3*c. Let s = n - -34. What is the units digit of s?
5
Let r(z) = z**3 - 14*z**2 + 6*z - 10. What is the tens digit of r(14)?
7
Let r(t) = t**2 - 4*t + 3. Let h be (-6 - -21)*4/10. What is the units digit of r(h)?
5
Let s = -8 + 8. Suppose s = 4*w + 13 - 61. What is the units digit of w?
2
Let v(i) = -i**3 + 1. Let m be v(0). Suppose 0 - 3 = -f. Suppose m = f*q - 23. What is the units digit of q?
8
Suppose -3*i = -2*c + 405, 0 = c + 7*i - 9*i - 203. What is the tens digit of c?
0
Suppose 2*g + 13 = 5*j + 167, 3*j = -g + 55. What is the units digit of g?
7
Suppose 121 + 5 = 6*s. What is the units digit of (-177)/(-21) + 12/s?
9
Let s(v) = 3*v + 1. Let j = -14 - -6. Let i = j + 13. What is the tens digit of s(i)?
1
Let x(k) = k**2 - 7*k + 2. Let m be x(7). Suppose -15 - 5 = m*f. Let g = -4 - f. What is the units digit of g?
6
Let y be 2*((-70)/4)/(-5). Suppose -2*j = -3*j + y. What is the units digit of j?
7
Let y = -165 + 284. What is the tens digit of y?
1
Let i(y) = 3*y**3 - 3*y**2 - 3*y + 6. Let n be i(3). Suppose 0 = 2*k - 5*k + n. What is the tens digit of k?
1
Let z(u) = 2*u**2 + 4*u - 3. Let x be z(-4). Suppose -5*t - x = -53. What is the units digit of t?
8
Suppose 1420 = 2*n + 3*n. What is the hundreds digit of n?
2
Let k(y) = 6*y**3 + 3*y**2 - 2*y + 4. Let r(f) = -13*f**3 - 5*f**2 + 3*f - 7. Let z(q) = 5*k(q) + 3*r(q). What is the units digit of z(-1)?
9
Suppose 2 + 3 = -g, -4*g = 2*k + 14. Suppose 9 = k*p - 0*p. What is the units digit of p?
3
Suppose -6*j = -26 + 8. Suppose -2*i + 4 = -3*f, -5*f + 4 = -i - i. Suppose j*k - i = 7. What is the units digit of k?
5
Suppose h - 132 = u - 24, -2*u - 555 = -5*h. What is the tens digit of h?
1
Suppose -5 + 25 = 5*j. Suppose -5*q + 0*q = j*b, 37 = 5*b - 3*q. Suppose b = f - 2. What is the units digit of f?
7
Suppose 3*j - 364 = -79. What is the tens digit of j?
9
Let i(k) = -3*k - k**2 - 7*k - 4 + 2*k. What is the tens digit of i(-3)?
1
Let h = 11 + -7. What is the units digit of 14/3*(h - 1)?
4
Let b = -13 + 20. Let g = 5 + b. Suppose -4*v - g = -v, v = 2*q - 8. What is the units digit of q?
2
Let p(z) = 10*z - 3. Let m be p(2). Suppose -2*h - 5 = -m. What is the units digit of h?
6
Suppose 4*r + 5*d - 2*d = 272, -276 = -4*r - 2*d. What is the units digit of r?
1
Suppose 236 = 3*l + 2*n, -3*n + 2*n + 80 = l. Suppose 0 = t + q + 21, 4*q + l = -3*t + 16. Let v = -17 - t. What is the units digit of v?
7
Let q(l) = -l**2 - 14*l - 4. Let p(i) = -13*i**2. Let g be p(1). What is the units digit of q(g)?
9
Let c = -185 + 380. What is the hundreds digit of c?
1
Suppose -z - 30 = 4*z. Let w = z + 28. What is the units digit of w?
2
Suppose -2*f - 3*m - 9 = -4*m, -9 = f - 5*m. Let t = f - -13. What is the units digit of t?
9
Let q = 41 + -18. Suppose 0 = 10*b - 4*b - 18. Suppose -5 = b*j - q. What is the units digit of j?
6
Let s(h) = h**2 + 3*h + 4. Let o be s(-3). Suppose -o*l - 21 = -7*l. What is the units digit of l?
7
Suppose -16 + 62 = -2*y - d, -2*d + 108 = -4*y. Let w = -12 - y. What is the units digit of w?
3
Suppose 0 = -i - 20 + 186. What is the tens digit of i?
6
Let g = -5 + 7. Let q(z) = -z**3 + 2*z**2 + 2*z - 1. Let h be q(g). Suppose h*k = -8*v + 3*v + 31, 1 = -k + 4*v. What is the units digit of k?
7
What is the units digit of (4 + 52/(-12))*-6?
2
Let f = -5 + 11. Let t(g) be the first derivative of -g**4/4 + 7*g**3/3 - 3*g**2 + 8*g - 1. What is the units digit of t(f)?
8
Let v = 59 + -25. Suppose 0*o - o = -v. What is the units digit of o?
4
Let n = 18 - 11. What is the units digit of n?
7
What is the units digit of (-5)/((-20)/(-16)) + 16?
2
Let g = -22 - -58. What is the units digit of g?
6
Suppose 0*m - 3*h = -2*m + 15, -2*h = 2*m - 10. Suppose -5*y - 24 = -m*y. What is the tens digit of y?
2
Let a be (2/(-6))/(2/(-24)). Suppose h - 35 = -a*k, k - 2*h - 19 - 1 = 0. What is the units digit of k?
0
Let z(u) be the third derivative of u**6/180 + u**5/30 + u**4/24 - u**3/2 - 2*u**2. Let j(h) be the first derivative of z(h). What is the units digit of j(-3)?
7
Let s(u) = -18*u**3 - u**2 + 4*u + 7. What is the hundreds digit of s(-2)?
1
Suppose 3*i + 20 = -i. Let c = i - -7. Suppose c*n + u = -u, -2 = 2*u. What is the units digit of n?
1
Let y be ((-8)/(-16))/((-1)/12). Let q = 7 + y. What is the units digit of q?
1
Suppose -4*a = 2*d - 144, -2*a - 4*d = a - 118. What is the tens digit of a?
3
Let l(t) = 2*t + 3. Let u be l(4). Suppose u = 3*n - 31. What is the tens digit of n?
1
Let z be 2/(2 + -4) - -3. Let r be -1*-2*(-1)/(-1). Suppose z*s - 3*y - r = -5*y, 4*s = -5*y. What is the units digit of s?
5
Suppose 0 = -h - 7 + 19. Suppose -4*r - h = 2*g - 108, -5*r + g = -134. What is the tens digit of r?
2
Suppose -804 = 131*q - 134*q. What is the hundreds digit of q?
2
Let a(d) = 54*d - 9. What is the units digit of a(2)?
9
What is the tens digit of ((-76)/(-6))/((-5)/(-30))?
7
What is the units digit of 3/4*(-40)/(-15)?
2
Let n = 66 + -97. Let g = n + 50. Suppose 0 = 2*d + 2*p + 2, 0 = -2*d + 5*p + g. What is the units digit of d?
2
Let h(i) = -i**2 + 11*i - 3. Let w be h(9). Let f = 7 - w. Let g(s) = s**2 + 7*s - 4. What is the units digit of g(f)?
4
Suppose 5*k = -0*k + 685. Suppose k + 3 = 4*m. What is the units digit of m?
5
Let c = -2 - -4. What is the units digit of c?
2
Suppose 3*b - 5*x = 35, -b - 2*x = 2*x + 11. Suppose -h + 4*o + 32 = 3*h, 0 = b*h + 2*o - 26. What is the units digit of h?
6
Let x = 17 + -12. Suppose 0 = -2*w - x + 11. Suppose 10 = 4*b + w*f, f - 2*f = 4*b - 14. What is the units digit of b?
4
Suppose -x - 2*k + 4*k = -60, -120 = -2*x + k. What is the tens digit of x?
6
Let o(f) = -f**2 + f + 71. Let t be o(0). Suppose 3*b - 64 = t. What is the units digit of b?
5
Let v(m) = -m**2 + m + 4. Let g be v(0). What is the units digit of (50/(-15))/(g/(-6))?
5
Let g(m) = m**2 + 11*m + 6. Let s(l) = -l**2 - 10*l - 6. Let b(k) = -5*g(k) - 6*s(k). What is the units digit of b(-5)?
6
Let t = -180 - -275. What is the tens digit of t?
9
Suppose -3*v - 4*h = -61, 0 = -4*v + h + 55 + 39. What is the units digit of v?
3
Let l(u) be the third derivative of u**4/24 - u**2. Let j(p) = -p. Let b(q) = 5*j(q) + l(q). What is the units digit of b(-2)?
8
Let d(r) = -r - 5 - 1 - 2*r**2 - r**3 + 4. What is the tens digit of d(-3)?
1
Let u(g) = -2*g**3 - 3*g**2 + 4*g - 4. What is the tens digit of u(-4)?
6
Let l = 4